{"id":19,"date":"2024-09-05T10:00:03","date_gmt":"2024-09-05T08:00:03","guid":{"rendered":"https:\/\/apel75.com\/?page_id=19"},"modified":"2026-03-22T09:08:19","modified_gmt":"2026-03-22T08:08:19","slug":"bienvenue-a-lapel-de-paris","status":"publish","type":"page","link":"https:\/\/apel75.com\/","title":{"rendered":"D\u00e9couvrir notre Apel acad\u00e9mique"},"content":{"rendered":"\n<h3 class=\"wp-block-heading has-text-align-center has-white-color has-text-color has-background has-link-color wp-elements-73669d8748252d5333b903d6e20b7b68\" style=\"background-color:#283990\">A la une<\/h3>\n\n\n\n<div class=\"wp-block-media-text is-stacked-on-mobile\"><figure class=\"wp-block-media-text__media\"><a href=\"https:\/\/c.org\/tmpxMmCPzN\" target=\"_blank\" rel=\" noreferrer noopener\"><img loading=\"lazy\" decoding=\"async\" width=\"825\" height=\"444\" src=\"https:\/\/apel75.com\/wp-content\/uploads\/2026\/03\/IMG_5462.jpeg\" alt=\"\" class=\"wp-image-436 size-full\" srcset=\"https:\/\/apel75.com\/wp-content\/uploads\/2026\/03\/IMG_5462.jpeg 825w, https:\/\/apel75.com\/wp-content\/uploads\/2026\/03\/IMG_5462-300x161.jpeg 300w, https:\/\/apel75.com\/wp-content\/uploads\/2026\/03\/IMG_5462-768x413.jpeg 768w, https:\/\/apel75.com\/wp-content\/uploads\/2026\/03\/IMG_5462-201x108.jpeg 201w\" sizes=\"auto, (max-width: 825px) 100vw, 825px\" \/><\/a><\/figure><div class=\"wp-block-media-text__content\">\n<p>P\u00c9TITION : Exiger un financement \u00e9quitable pour les 35 000 \u00e9coliers parisiens du priv\u00e9 sous contrat<\/p>\n\n\n\n<p>CLIQUER SUR L\u2019IMAGE POUR SIGNER EN LIGNE<\/p>\n<\/div><\/div>\n\n\n\n<hr class=\"wp-block-separator has-text-color has-alpha-channel-opacity has-background is-style-wide\" style=\"background-color:#ce007f;color:#ce007f\"\/>\n\n\n<ul class=\"wp-block-latest-posts__list wp-block-latest-posts\"><li><a class=\"wp-block-latest-posts__post-title\" href=\"https:\/\/apel75.com\/?p=429\">\u00c9coles sous contrat \u00e0 Paris : une p\u00e9tition pour demander l\u2019application de la loi<\/a><\/li>\n<li><a class=\"wp-block-latest-posts__post-title\" href=\"https:\/\/apel75.com\/?p=188\">Assembl\u00e9es G\u00e9n\u00e9rales<\/a><\/li>\n<li><a class=\"wp-block-latest-posts__post-title\" href=\"https:\/\/apel75.com\/?p=186\">L&#8217;accompagnement des Apel d&#8217;\u00e9tablissement<\/a><\/li>\n<li><a class=\"wp-block-latest-posts__post-title\" href=\"https:\/\/apel75.com\/?p=183\">Le mouvement<\/a><\/li>\n<li><a class=\"wp-block-latest-posts__post-title\" href=\"https:\/\/apel75.com\/?p=146\">Nos services aux familles<\/a><\/li>\n<\/ul>\n\n\n<div style=\"height:100px\" aria-hidden=\"true\" class=\"wp-block-spacer\"><\/div>\n\n\n\n<div class=\"alignnormal\"><div id=\"metaslider-id-126\" style=\"width: 100%; margin: 0 auto;\" class=\"ml-slider-3-101-0 metaslider metaslider-flex metaslider-126 ml-slider has-carousel-mode ms-theme-default nav-hidden\" role=\"region\" aria-label=\"Nouveau diaporama\" data-height=\"300\" data-width=\"300\">\n    <div id=\"metaslider_container_126\">\n        <div id=\"metaslider_126\">\n            <ul class='slides'>\n                <li style=\"display: none; width: 100%;\" class=\"slide-127 ms-image \" aria-roledescription=\"slide\" data-date=\"2024-09-05 12:24:43\"><a href=\"https:\/\/apel75.com\/?p=115\" target=\"_self\" aria-label=\"View Slide Details\" class=\"metaslider_image_link\"><img loading=\"lazy\" decoding=\"async\" width=\"788\" height=\"766\" src=\"https:\/\/apel75.com\/wp-content\/uploads\/2024\/09\/Logo-formation.png\" class=\"slider-126 slide-127 msDefaultImage\" alt=\"\" rel=\"\" title=\"Logo formation\" style=\"margin-top: 1.3959390862944%\" srcset=\"https:\/\/apel75.com\/wp-content\/uploads\/2024\/09\/Logo-formation.png 788w, https:\/\/apel75.com\/wp-content\/uploads\/2024\/09\/Logo-formation-300x292.png 300w, https:\/\/apel75.com\/wp-content\/uploads\/2024\/09\/Logo-formation-768x747.png 768w, https:\/\/apel75.com\/wp-content\/uploads\/2024\/09\/Logo-formation-200x194.png 200w, https:\/\/apel75.com\/wp-content\/uploads\/2024\/09\/Logo-formation-111x108.png 111w\" sizes=\"auto, (max-width: 788px) 100vw, 788px\" \/><\/a><\/li>\n                <li style=\"display: none; width: 100%;\" class=\"slide-128 ms-image \" aria-roledescription=\"slide\" data-date=\"2024-09-05 12:24:43\"><a href=\"https:\/\/www.calameo.com\/read\/000009369b978993a22b6?authid=G7aFDbzegrTG\" target=\"_blank\" aria-label=\"View Slide Details\" class=\"metaslider_image_link\"><img loading=\"lazy\" decoding=\"async\" width=\"570\" height=\"771\" src=\"https:\/\/apel75.com\/wp-content\/uploads\/2024\/09\/Capture-decran-2026-01-16-100959.png\" class=\"slider-126 slide-128 msDefaultImage\" alt=\"\" rel=\"\" title=\"Capture d&#039;\u00e9cran 2026-01-16 100959\" style=\"margin: 0 auto; width: 73.929961089494%\" srcset=\"https:\/\/apel75.com\/wp-content\/uploads\/2024\/09\/Capture-decran-2026-01-16-100959.png 570w, https:\/\/apel75.com\/wp-content\/uploads\/2024\/09\/Capture-decran-2026-01-16-100959-222x300.png 222w, https:\/\/apel75.com\/wp-content\/uploads\/2024\/09\/Capture-decran-2026-01-16-100959-80x108.png 80w\" sizes=\"auto, (max-width: 570px) 100vw, 570px\" \/><\/a><\/li>\n                <li style=\"display: none; width: 100%;\" class=\"slide-129 ms-image \" aria-roledescription=\"slide\" data-date=\"2024-09-05 12:24:43\"><a href=\"https:\/\/apel75.com\/?p=97\" target=\"_self\" aria-label=\"View Slide Details\" class=\"metaslider_image_link\"><img loading=\"lazy\" decoding=\"async\" width=\"432\" height=\"867\" src=\"https:\/\/apel75.com\/wp-content\/uploads\/2024\/09\/RPE.jpg\" class=\"slider-126 slide-129 msDefaultImage\" alt=\"\" rel=\"\" title=\"RPE\" style=\"margin: 0 auto; width: 49.826989619377%\" srcset=\"https:\/\/apel75.com\/wp-content\/uploads\/2024\/09\/RPE.jpg 432w, https:\/\/apel75.com\/wp-content\/uploads\/2024\/09\/RPE-149x300.jpg 149w, https:\/\/apel75.com\/wp-content\/uploads\/2024\/09\/RPE-200x401.jpg 200w, https:\/\/apel75.com\/wp-content\/uploads\/2024\/09\/RPE-54x108.jpg 54w\" sizes=\"auto, (max-width: 432px) 100vw, 432px\" \/><\/a><\/li>\n                <li style=\"display: none; width: 100%;\" class=\"slide-130 ms-image \" aria-roledescription=\"slide\" data-date=\"2024-09-05 12:24:43\"><a href=\"https:\/\/apel75.com\/?p=67\" target=\"_self\" aria-label=\"View Slide Details\" class=\"metaslider_image_link\"><img loading=\"lazy\" decoding=\"async\" width=\"768\" height=\"596\" src=\"https:\/\/apel75.com\/wp-content\/uploads\/2024\/09\/Illustration_ICF_Soulcie__-768x596-1.jpg\" class=\"slider-126 slide-130 msDefaultImage\" alt=\"\" rel=\"\" title=\"Illustration_ICF_Soulcie__-768x596\" style=\"margin-top: 11.197916666667%\" srcset=\"https:\/\/apel75.com\/wp-content\/uploads\/2024\/09\/Illustration_ICF_Soulcie__-768x596-1.jpg 768w, https:\/\/apel75.com\/wp-content\/uploads\/2024\/09\/Illustration_ICF_Soulcie__-768x596-1-300x233.jpg 300w, https:\/\/apel75.com\/wp-content\/uploads\/2024\/09\/Illustration_ICF_Soulcie__-768x596-1-200x155.jpg 200w, https:\/\/apel75.com\/wp-content\/uploads\/2024\/09\/Illustration_ICF_Soulcie__-768x596-1-139x108.jpg 139w\" sizes=\"auto, (max-width: 768px) 100vw, 768px\" \/><\/a><\/li>\n                <li style=\"display: none; width: 100%;\" class=\"slide-247 ms-image \" aria-roledescription=\"slide\" data-date=\"2024-10-22 13:15:17\"><a href=\"https:\/\/apel75.com\/?p=67\" target=\"_self\" aria-label=\"View Slide Details\" class=\"metaslider_image_link\"><img loading=\"lazy\" decoding=\"async\" width=\"586\" height=\"830\" src=\"https:\/\/apel75.com\/wp-content\/uploads\/2024\/09\/Capture-decran-2025-10-29-184753.png\" class=\"slider-126 slide-247 msDefaultImage\" alt=\"\" rel=\"\" title=\"Capture d&#039;\u00e9cran 2025-10-29 184753\" style=\"margin: 0 auto; width: 70.602409638554%\" srcset=\"https:\/\/apel75.com\/wp-content\/uploads\/2024\/09\/Capture-decran-2025-10-29-184753.png 586w, https:\/\/apel75.com\/wp-content\/uploads\/2024\/09\/Capture-decran-2025-10-29-184753-212x300.png 212w, https:\/\/apel75.com\/wp-content\/uploads\/2024\/09\/Capture-decran-2025-10-29-184753-76x108.png 76w\" sizes=\"auto, (max-width: 586px) 100vw, 586px\" \/><\/a><\/li>\n            <\/ul>\n        <\/div>\n        \n    <\/div>\n<\/div><\/div>\n","protected":false},"excerpt":{"rendered":"<p>A la une P\u00c9TITION : Exiger un financement \u00e9quitable pour les 35 000 \u00e9coliers parisiens du priv\u00e9 sous contrat CLIQUER SUR L\u2019IMAGE POUR SIGNER EN LIGNE<\/p>\n","protected":false},"author":1,"featured_media":11,"parent":0,"menu_order":0,"comment_status":"closed","ping_status":"closed","template":"","meta":{"footnotes":""},"class_list":["post-19","page","type-page","status-publish","has-post-thumbnail","hentry"],"_links":{"self":[{"href":"https:\/\/apel75.com\/index.php?rest_route=\/wp\/v2\/pages\/19","targetHints":{"allow":["GET"]}}],"collection":[{"href":"https:\/\/apel75.com\/index.php?rest_route=\/wp\/v2\/pages"}],"about":[{"href":"https:\/\/apel75.com\/index.php?rest_route=\/wp\/v2\/types\/page"}],"author":[{"embeddable":true,"href":"https:\/\/apel75.com\/index.php?rest_route=\/wp\/v2\/users\/1"}],"replies":[{"embeddable":true,"href":"https:\/\/apel75.com\/index.php?rest_route=%2Fwp%2Fv2%2Fcomments&post=19"}],"version-history":[{"count":56,"href":"https:\/\/apel75.com\/index.php?rest_route=\/wp\/v2\/pages\/19\/revisions"}],"predecessor-version":[{"id":441,"href":"https:\/\/apel75.com\/index.php?rest_route=\/wp\/v2\/pages\/19\/revisions\/441"}],"wp:featuredmedia":[{"embeddable":true,"href":"https:\/\/apel75.com\/index.php?rest_route=\/wp\/v2\/media\/11"}],"wp:attachment":[{"href":"https:\/\/apel75.com\/index.php?rest_route=%2Fwp%2Fv2%2Fmedia&parent=19"}],"curies":[{"name":"wp","href":"https:\/\/api.w.org\/{rel}","templated":true}]}}